 f(0) a multiple of 9?
False
Suppose -36 = 9*m - 15*m. Suppose 7*f - 156 = m*f. Does 13 divide f?
True
Let l be 20*(294/8)/3. Let g = -137 + l. Suppose -56 = -4*j + g. Is 10 a factor of j?
False
Let i = 4 + -4. Suppose -y - 1 = 0, -r + i*y = 4*y - 4. Is r a multiple of 4?
True
Let p = -53 + 57. Suppose 2*j = 5*n + 112, 5*j - 314 = 8*n - p*n. Is j a multiple of 36?
False
Let y = -5 - -26. Let p = -3 + y. Is p a multiple of 9?
True
Suppose -5*t = -5*v - 55, 48 = 4*t - 10*v + 5*v. Suppose f - 56 = t. Does 5 divide f?
False
Suppose -3*a - 180 = -1692. Is a a multiple of 8?
True
Let g = 51 - 47. Suppose -4*j = 2*w + 4, w - 6*w = g*j - 20. Does 8 divide w?
True
Suppose -5*v - g = 61, -3*v - 2*v + 3*g - 77 = 0. Let i = v - -26. Suppose 4*y - 132 = -5*c, i + 47 = 2*c - 2*y. Does 14 divide c?
True
Let z be 6 + -3 + (-2 - -2). Let k be (-2 - (-6)/2) + z. Let i(y) = 5*y + 4. Is i(k) a multiple of 24?
True
Suppose 8701 + 17529 = 10*r. Does 52 divide r?
False
Suppose -l - l + 27 = -5*r, 0 = -l - 5*r + 6. Suppose 0 = -v + 3*o + 5, o = v - l + 2. Suppose -d - 1 + v = 0. Is d a multiple of 10?
True
Is 1*89 - ((5 - -6) + -9) a multiple of 21?
False
Let u = -323 - -1023. Is u a multiple of 10?
True
Let d be (-6)/(-1) - (-7 - -9). Does 7 divide (-1)/d - 510/(-24)?
True
Is 9 a factor of 2 + -2 + -6 + 421?
False
Suppose -3*j + 5940 = 5*c, 2*c + 4*j = 2*j + 2372. Suppose -421 + c = 5*d. Let z = d - 70. Is z a multiple of 14?
True
Suppose -3*u + 21 = -3*x - 0*x, 5*u + 5 = 0. Is 13 a factor of ((-705)/20)/(2/x)?
False
Does 24 divide (-774)/(-2) - 75/25?
True
Let a be (-2763)/15 - (-4)/20. Let r be (-11)/(-55) + a/(-5). Let p = 52 - r. Does 11 divide p?
False
Let o be (-80)/(-16) + (-4 - 0) - -28. Suppose -2*z - 27 + 97 = -4*j, -1 = -z. Let a = o + j. Is a a multiple of 4?
True
Suppose -15 + 0 = 5*r. Let k(x) = -x**3 - 2*x**2 + 4*x + 1. Let f be k(r). Is 15 a factor of (-1 - -52) + (-1 - f)?
False
Let y = -681 + 1488. Let l = 1136 - y. Suppose -3*s - 4*s + l = 0. Is 30 a factor of s?
False
Suppose -4*o = -5*o + 4. Let f be ((-6)/o)/((-4)/8). Suppose 184 = f*k + 28. Is k a multiple of 11?
False
Let l = -70 - -271. Let p = l + -96. Does 10 divide p?
False
Let n(d) = -d + 43. Let r be n(20). Suppose -22*g - 100 = -r*g. Is g a multiple of 10?
True
Does 64 divide 384/1 - (-4 + (4 - 0))?
True
Suppose -36*z + 44*z - 24232 = 0. Does 9 divide z?
False
Suppose -47 = 3*w + 5*g + 54, -w - 3*g = 39. Let q = w + 87. Does 20 divide q?
True
Let h(l) = -l + 18*l**2 + l**2 + 2 + 0*l**2. Is h(-2) a multiple of 28?
False
Suppose 2*p + 2*v = 404, 0 = 3*p - 2*p - 4*v - 177. Let j = p + -115. Is j a multiple of 13?
False
Suppose 2*r + 2 = -0*r. Let x be 8 + r/((-2)/(-4)). Suppose 0*c + x = 3*c. Is c a multiple of 2?
True
Let a = -93 + 228. Does 28 divide a?
False
Is 23 a factor of 70/(-560) - 20610/(-16)?
True
Let a(m) = -16 + 3 - 2*m + m. Let r be a(-7). Let y(d) = -d**2 - 11*d + 5. Does 16 divide y(r)?
False
Let c(s) be the first derivative of -s + 28/3*s**3 - 1/2*s**2 + 2. Is 25 a factor of c(-1)?
False
Suppose 2*p - 3 - 1 = 0. Suppose p*f - 14 = -12. Let j(y) = 24*y**3 + y**2 - y. Is 12 a factor of j(f)?
True
Let j be 464/(-12)*3/2. Let w be ((-6)/(-12))/((-1)/j). Let a = w + -1. Does 10 divide a?
False
Suppose 3*s - 33 = 198. Suppose 5*t + 237 = s. Let a = t - -38. Is a a multiple of 6?
True
Let u(f) = f**2 - 17*f - 57. Does 18 divide u(-9)?
False
Suppose -9*b + 1050 = 12*b. Suppose -5*x = z - b, 0 = -x + 3*x - 3*z - 3. Is 4 a factor of x?
False
Let v(t) be the second derivative of t**3/2 - t**2 - 6*t. Is 13 a factor of v(5)?
True
Suppose -5*j + v + 325 = 21, -5*j - v = -296. Does 60 divide j?
True
Let d be 1/(-3)*(-132)/11. Suppose -d*m + 583 = 187. Is 33 a factor of m?
True
Let y be (-6)/(-15) - (-192)/(-30). Let q(t) = t**3 + 2*t**3 - 2*t**3 - 1 + 7*t**2. Does 20 divide q(y)?
False
Let d(t) = 27*t - 6. Let n be d(2). Let f = -34 + n. Suppose f*p - 18*p + 120 = 0. Does 10 divide p?
True
Suppose 0 = d + 6*d - 14. Suppose -d*i - i + 299 = 5*r, i + 3*r = 101. Does 9 divide i?
False
Let y = 50 + -56. Let c(v) = -v - 5*v - 9 + 2. Does 10 divide c(y)?
False
Suppose 2*b - 29 = j, 2*b = 4*j - 3*b + 107. Let q = 31 + j. Does 3 divide q?
False
Let p(n) = -2*n**2 - 5*n + 3. Let q be p(-4). Let s = 15 + q. Suppose s*g - 4*g = 44. Is g a multiple of 11?
True
Let l be -1 + 4 + -3 + 2. Let z(v) = -1 - l*v**3 + 15 + 3*v**3 + 2*v + 8 + v**2. Is z(0) a multiple of 11?
True
Suppose 0 = 3*z + d - 431, -z - 274 = -3*z - 4*d. Suppose 24*l - 19*l - z = 0. Is 20 a factor of l?
False
Let a(m) = m + 26. Let d be a(-15). Suppose y - d = -4*u, -2*u - 5*y - 1 + 20 = 0. Suppose 5*r - u = 3, r - 676 = -5*f. Is 27 a factor of f?
True
Let l be (30/(-12))/(3/(-6)). Suppose -d - 1 = 5*x, 4*x + 20 = -l*d + 78. Is (8 - 1)*28/d a multiple of 9?
False
Let f = 366 + -139. Is 21 a factor of f?
False
Let a = 12 - 7. Let g = 7 + a. Suppose 3*t - x = 28, 3*t - g = t + 2*x. Is t a multiple of 3?
False
Suppose 15*j = 17*j - 1932. Is 7 a factor of j?
True
Let v be ((-1)/(-2))/((-1)/2). Let m = v - -4. Suppose -g + 0 = -2, 5*g = m*h - 140. Is h a multiple of 25?
True
Suppose -r + 406 = 2*w, 404 = 4*r + 2*w - 1238. Is r a multiple of 7?
False
Let t(n) = -5*n + 7. Let m be t(0). Let h = 189 - m. Is h a multiple of 14?
True
Let s = -113 - -124. Let b = s - -64. Is 5 a factor of b?
True
Suppose -16*p + 17*p - 42 = 0. Is 14 a factor of p?
True
Suppose -245 = 20*c - 25*c. Let q = 138 - c. Let s = 153 - q. Is 28 a factor of s?
False
Suppose 0 = -2*k - 10*y + 7*y + 165, -110 = -k + 4*y. Is 28 a factor of k?
False
Suppose -8*s = -12*s. Suppose s = -7*w + 6*w + 54. Is 16 a factor of w?
False
Suppose 2*o = 394 + 344. Suppose -4*w = 101 - o. Suppose -5*b - w = -u, 0*u + 5*b = -4*u + 143. Is u a multiple of 14?
True
Let r(l) = 149*l**2 + 48*l + 3. Does 10 divide r(-3)?
True
Is 22 a factor of 2552/3 - 17/(-51)?
False
Suppose 0 = p - 2*f + 66, -5*f = -0*p + 4*p + 225. Let n = p - -120. Is n a multiple of 12?
True
Let u be (9 - (-4 - -8))*(-12)/10. Let m(h) be the third derivative of h**5/30 - h**4/12 - h**3 - 2*h**2. Is m(u) a multiple of 17?
False
Let g be -8*(-3)/(-9)*(-174)/4. Suppose -6*r + 1562 = g. Does 13 divide r?
False
Suppose -2*q + 0*q = -12. Let a be (1 - q)*(-570)/25. Let k = a + -73. Is 11 a factor of k?
False
Suppose 13*d + 2982 + 1555 = 0. Let l = 489 + d. Is 20 a factor of l?
True
Does 39 divide ((-15)/(-6) + -1)*(329 + 9)?
True
Suppose 15*d - 6566 = d. Is d a multiple of 3?
False
Let f = -1923 - -2739. Does 8 divide f?
True
Let q(u) = 7 - 11*u - 17*u + 37*u - 8*u. Does 10 divide q(13)?
True
Let o = -73 + 55. Let b = o + 36. Is 9 a factor of b?
True
Let i = 35 - 41. Does 18 divide (((-30)/i)/15)/(1/129)?
False
Let o(b) = -b**2 - 3*b + 11. Let x be o(-5). Is 7 a factor of (104/(-24) - -2)*(x + -16)?
True
Suppose -8 + 2 = 2*s, -5*s - 10 = 5*t. Suppose -2 - t = c - 3*w, -5 = -c - w. Is 8 a factor of (-1 - -24) + (-3)/c?
False
Let u be 6/(((-27)/6)/(-3)). Suppose -u*n + 2*k = -2*k - 112, -115 = -4*n + k. Is n a multiple of 7?
False
Suppose 3*i - 5*v - 1980 = -2*v, 5*v = -3*i + 1972. Is i a multiple of 58?
False
Let h(w) = 4*w + 2. Let l be h(1). Suppose -4*j = -l*j + 8. Is 4 a factor of j?
True
Suppose 3*t + 2*y - 13 = -2*y, -5*t - 2*y + 17 = 0. Suppose 194 = 2*r - 2*d, -1 = 2*d - t. Is 19 a factor of r?
False
Let b be 8*(-2 + ((-105)/6)/(-7)). Suppose 504 = b*c + 48. Is c a multiple of 18?
False
Suppose 48*d - 20 = 46*d. Suppose 0 = -d*y + 9*y + 52. Is y a multiple of 10?
False
Let h(m) = m**3 - 7*m**2 + 6*m - 7. Let v be h(6). Let g(c) = 2*c**2 - 9*c + 14. Let f be g(5). Does 21 divide (1 - (-3 + f))*v?
True
Let c(a) = -5*a - 8*a**2 + 5*a**3 - 17*a**3 - a - 9 + 11*a**3. Is c(-8) a multiple of 13?
True
Let l be (-1)/(-2)*(2 + -2)/(-4). Suppose 5*r - 515 = -5*p, p - 5*r - 79 = -l*p. Does 33 divide p?
True
Let u = -11 + 0. Let f = u + 11. Let g(a) = a**2 - a + 3. Is g(f) even?
False
Suppose -7*r + 13 = -3*r + l, -r + 2*l = -10. Does 10 divide r/22 - 1*(-9597)/33?
False
Let i(d) be the third derivative of d**5/30 + d**4/12 - 16*d**3/3 - 19*d**2. Is 7 a factor of i(-6)?
True
Let c be 26/39 - (-2)/(-3). Suppose o + f - 75 = -c*o, o - 91 = -5*f. Is 9 a factor of o?
False
Does 18 divide (-7804)/(-14) + ((-208)/(-91))/4?
True
Suppose 